2*c - 9 = 5*y. Suppose c*i + 15 - 71 = 0. Let u = i - 20. List the prime factors of u.
2
Let p be (2/4*0)/(-1). Let a be ((-1)/2*p)/1. Suppose 4*w - 2*v = 52, 0 = -a*w + 3*w - 4*v - 49. What are the prime factors of w?
11
What are the prime factors of 345/4 + 8/(-32)?
2, 43
Let y be (5 - 0/(-1)) + -1. Let v = 12 - y. What are the prime factors of v?
2
Suppose -2*v + 5*r = v - 72, -r = -4*v + 79. Let o = -6 + v. What are the prime factors of o?
13
Let m be (-1 + 0 + 1)/(-1). Suppose 0 = 6*o - o, m = 3*u + 3*o - 15. Suppose u*w + 37 = 3*k, -2*w + 15 = -5*w. List the prime factors of k.
2
Let j be (-2)/7 + (-30)/(-7). Suppose j*t - 5*c = -2, -4*t + 5*t = -3*c + 8. Suppose 20 = -t*m + 50. What are the prime factors of m?
3, 5
Suppose f - 100 = -5*o, f = -2*o + 37 + 75. What are the prime factors of f?
2, 3, 5
Let y(d) = 0*d + 8 - 6*d**2 + 8 + 6*d - d**3. List the prime factors of y(-7).
23
Suppose -m - m = -4. Let d be (1 + m)/((-2)/6). Let j(z) = -2*z - 8. List the prime factors of j(d).
2, 5
Let v = -853 - -1264. List the prime factors of v.
3, 137
Let g(v) = 4*v**2 + 16*v + 13. Let o(u) = u**2 + 5*u + 4. Let b(k) = 2*g(k) - 7*o(k). What are the prime factors of b(6)?
2
Let g(v) be the second derivative of -2/3*v**3 + 0*v**2 + 3*v - 1/12*v**4 + 0. List the prime factors of g(-2).
2
Suppose 4*d = 3*d. Suppose d*m + m + 62 = 3*j, -3*j - 5*m = -86. Suppose -w + j = w. What are the prime factors of w?
11
Let d(l) = l**3 - 7*l**2 + 6*l + 2. Let z be d(6). Let v = z - -1. Suppose v*q - 43 + 7 = 0. What are the prime factors of q?
2, 3
Let b(d) = d**2 + 1. Let p(o) = -o**2 + 2*o - 4. Let w(i) = 4*b(i) + p(i). What are the prime factors of w(-3)?
3, 7
Let g(j) = j - 6. Let i(x) = -2*x + 12. Let t(m) = -5*g(m) - 2*i(m). What are the prime factors of t(-5)?
11
Let p(g) = -g**3 + 9*g**2 - 7*g + 2. Suppose 0 = -4*i + h + 2*h - 32, 0 = -5*h. Let s be (-2)/(-5)*(i - -28). What are the prime factors of p(s)?
2, 5
Let x(b) = b**2 + 9*b - 6. Let l be x(-10). Suppose -l*n = -2*c - 34, -4*n = 5*c - 5*n + 40. Let j = 2 - c. List the prime factors of j.
3
Let k(q) be the second derivative of -q**3/6 + 2*q**2 - q. Let f be k(4). List the prime factors of -1*(-13 - (f + 1)).
2, 7
Suppose -q + 4*y = -96, y - 5*y = 4*q - 324. What are the prime factors of q?
2, 3, 7
Let s(n) = 18*n. Let i be s(1). Suppose -7 - i = -5*m. Suppose -4*u = m*f - 3*u - 43, -4*u = -4*f + 44. List the prime factors of f.
3
Let w(x) = -x**3 + 4*x**2 + 4*x + 7. Let q be (-38)/6*(0 - 3). Suppose -5*u + 6 + q = 0. List the prime factors of w(u).
2
Suppose 0 + 3 = x. Suppose 2*z - 3*f = -z + 54, x*z - 2*f - 56 = 0. List the prime factors of z.
2, 5
Let g(l) = 4*l - 4. List the prime factors of g(12).
2, 11
Let x(m) = -m**2 + 5*m + 1. Let h be x(5). Suppose -4*s + h + 19 = 0. What are the prime factors of s?
5
Suppose -3*b = 3*z - 135, -4*b = z - 4*z + 135. Let q = z + -24. List the prime factors of q.
3, 7
Suppose -24 = 2*k + 18. Let f = k + 36. What are the prime factors of (-2)/(-5) - (-54)/f?
2
Let k = 87 - 25. What are the prime factors of k?
2, 31
Suppose 3 + 37 = 2*d. Suppose -5*x + 0*x - d = 0, j - 13 = x. What are the prime factors of j?
3
What are the prime factors of -6*1/((-15)/85)?
2, 17
Let q(l) = l**2 + 6*l + 4. Let x be q(-5). What are the prime factors of x/4 + (-170)/(-40)?
2
Let n be (2 - -3)*(-12)/10. Let h(p) = -5*p + 6. What are the prime factors of h(n)?
2, 3
Let j(o) = o**2 - 4*o + 7. What are the prime factors of j(4)?
7
Suppose 5*r - 3171 = -16*r. List the prime factors of r.
151
Let w = 15 - 11. Let g be (2 - 1)/(1/w). Let d = g + -2. What are the prime factors of d?
2
Suppose -16*o - 317 = -17*o. What are the prime factors of o?
317
Suppose 7 + 17 = -4*f. Let y(b) = -2*b**3 + 6*b + 5 + 2*b**2 - 7*b**2 + b**3. What are the prime factors of y(f)?
5
Let u(n) = n + 197. Let g be u(0). Suppose 2*p + g + 63 = 0. List the prime factors of (-20)/p + (-76)/(-13).
2, 3
Suppose 0 = 4*q + o - 341, -q + 4*o = -5*q + 332. Suppose -q = 5*n - j, -6*j = n - j + 38. Let s = 30 + n. List the prime factors of s.
2, 3
Suppose 4*t - 14 = -3*k + 3*t, -4*k - 5*t + 15 = 0. Let w(f) = -5 + f**2 + 0*f**2 - f - f. What are the prime factors of w(k)?
2, 5
Let t(c) = c**2 + 2*c - 4. Let i be t(-4). Suppose -5*a = 3*l - 3 - 2, -3*l + i*a = -50. List the prime factors of l.
2, 5
List the prime factors of 4/(-14) - 400/(-28).
2, 7
Suppose -4*k = -0*u - 2*u, 0 = -u - 2*k + 8. Suppose -u*i + 22 + 34 = 0. What are the prime factors of i?
2, 7
Let r be -1 + (1 - -1) + 1. List the prime factors of -4 - -16 - (1 - r).
13
Suppose 0 = a + 4*a. Let f(s) = s**3 + s**2 + 7. What are the prime factors of f(a)?
7
Let f be 50/6 + (-1)/3. Let b = f - 6. List the prime factors of b.
2
Suppose -5*v - 36 = -3*t, -t + 7 = -2*v - 8. Let s(k) = -k**3 - 9*k**2 - k + 15. What are the prime factors of s(v)?
2, 3
Let v(u) = -u**3 - u**2 + 3*u + 1. Suppose 4*n = 4*d + 4, 17 + 13 = 5*d + 2*n. Suppose -1 = -w - d. List the prime factors of v(w).
2, 5
Suppose -49 + 1 = -2*l. List the prime factors of l.
2, 3
Let s = 21 - -4. What are the prime factors of s?
5
Suppose 3*z - 131 = -4*w + 4, z = -4*w + 125. Suppose 0 = -3*m - 3*r + w, 0 = 2*m + m + r - 22. What are the prime factors of m?
2, 3
Let z be (-7 - -10) + (3 - 1). Suppose 5*g - 20 = z. List the prime factors of g.
5
Let m(s) = -s + 7. Let n be m(-9). Let b = -14 + 58. Suppose -5*t + n = -b. What are the prime factors of t?
2, 3
Suppose o = -3 + 7. Let y be 2 - -2 - (0 + 1). Suppose o = -g + y*g. List the prime factors of g.
2
Suppose q + 402 = 4*q. Let g be 2/(-5) + q/10. Suppose -2*j - g = -3*j. List the prime factors of j.
13
Let t = 79 - 10. List the prime factors of t.
3, 23
Let y(q) = 5*q**3 - 2*q + 1. Let o be y(1). Suppose o*z = 46 + 26. List the prime factors of z.
2, 3
Let o = -21 + 38. What are the prime factors of o?
17
Let h(k) = k**3 + k**2 + k - 1. Let c(o) = 6*o**3 + 11*o**2 + 12*o + 1. Let p(g) = c(g) - 5*h(g). What are the prime factors of p(-4)?
2, 5
Suppose -2*r + 6 = -0*r. Suppose 1 + 8 = -r*o. What are the prime factors of (-30)/o*(-1)/(-2)?
5
Suppose -2*s - 120 = -4*s - a, 5*s + 3*a = 300. What are the prime factors of s?
2, 3, 5
What are the prime factors of (18/(-8))/3*-20?
3, 5
Let c = -324 + 615. List the prime factors of c.
3, 97
Suppose -p + 3*p = -12. List the prime factors of 2 - (1 + p + 2).
5
List the prime factors of (28/5)/((-12)/(-30)).
2, 7
Suppose 248 = 4*n - 0*n. List the prime factors of n.
2, 31
Suppose -5*q - 15 = 0, 2*g - 2*q - 18 = -g. Suppose n - m + 70 = 6*n, 59 = 3*n + g*m. What are the prime factors of n?
13
Let y(v) = -v + 6. Let d be y(6). Suppose 0 = 5*c + 3*x - 10, 0*c + c + 5*x = 2. Suppose -6 = -c*p - d. What are the prime factors of p?
3
Suppose -i - 5 = 9. Let v be (-5)/(0 - 1/(-1)). What are the prime factors of (v - i)/(1 - 0)?
3
Suppose -19 = -4*t + 41. What are the prime factors of 5/t - (-249)/9?
2, 7
Let k be -2 - 26*(-10)/2. List the prime factors of (30/8)/(24/k).
2, 5
Let j(x) = 24*x - 4. What are the prime factors of j(2)?
2, 11
Let p = 38 + -26. What are the prime factors of p?
2, 3
Let g be -4 + 7 + 73/1. Let z = g - 54. List the prime factors of z.
2, 11
Let a(l) be the second derivative of 0 + 1/2*l**3 - 3/2*l**2 - l - 5/12*l**4 + 1/20*l**5. List the prime factors of a(5).
2, 3
Suppose -12*u - 80 = -16*u. List the prime factors of u.
2, 5
Let g be (-2)/(-8) + (-22)/(-8). List the prime factors of (51/g)/(2 - 1).
17
Let v = 13 - -2. Suppose v = 5*r - 0*r. Suppose 2*t - 7 = r*h, 3*h = -2*t + 4 + 33. List the prime factors of t.
11
Suppose 2*x = -x - 63. Let p = x - -71. Suppose -2*g + 32 = 3*h, -4*h + 2*g - g + p = 0. What are the prime factors of h?
2, 3
Suppose -n + 72 = 2*n. Let a be (-1 - (-2)/4)*n. List the prime factors of (-81)/a - (-2)/8.
7
Let l = -140 + 79. Let g = -29 - l. Suppose g = r + r. What are the prime factors of r?
2
Suppose 50*d - 812 = 43*d. What are the prime factors of d?
2, 29
Let p(r) = 2*r + 4. Let m(u) = -u - 1. Let a(y) = 4*m(y) + p(y). Suppose -2 = 4*h + 14. List the prime factors of a(h).
2
Let w = -1 - -2. Let z = 1 - w. Suppose z = -5*s + 13 + 12. List the prime factors of s.
5
Let g(d) = d**2 + 1. Let m be g(0). List the prime factors of (m + -3)/((-6)/24).
2
Suppose -2*s 